 when 8026947 is divided by 954?
945
What is the remainder when 39323787 is divided by 238?
237
Calculate the remainder when 13815585 is divided by 341.
311
Calculate the remainder when 961864 is divided by 345.
4
Calculate the remainder when 4275706 is divided by 25300.
6
Calculate the remainder when 548172 is divided by 91349.
78
What is the remainder when 863668 is divided by 284?
24
What is the remainder when 100132 is divided by 9987?
262
What is the remainder when 196234150 is divided by 62?
58
What is the remainder when 663565 is divided by 2976?
2893
Calculate the remainder when 9298 is divided by 1000.
298
Calculate the remainder when 4902382 is divided by 2307.
7
What is the remainder when 621441 is divided by 1828?
1749
What is the remainder when 992211 is divided by 795?
51
Calculate the remainder when 422284 is divided by 49.
2
What is the remainder when 76331366 is divided by 30?
26
Calculate the remainder when 52221 is divided by 52023.
198
Calculate the remainder when 3021784 is divided by 499.
339
What is the remainder when 61702 is divided by 20486?
244
What is the remainder when 36685 is divided by 7662?
6037
Calculate the remainder when 1733720 is divided by 5538.
326
Calculate the remainder when 459081 is divided by 455418.
3663
Calculate the remainder when 4534422 is divided by 17.
12
What is the remainder when 3256280 is divided by 1391?
1340
What is the remainder when 33134 is divided by 120?
14
Calculate the remainder when 291078 is divided by 290883.
195
What is the remainder when 5765701 is divided by 1509?
1321
What is the remainder when 164730 is divided by 32937?
45
Calculate the remainder when 65019 is divided by 56352.
8667
Calculate the remainder when 8830 is divided by 1129.
927
What is the remainder when 7774877 is divided by 191?
31
What is the remainder when 3180035 is divided by 413?
348
Calculate the remainder when 95985041 is divided by 64.
17
Calculate the remainder when 686071 is divided by 71.
69
Calculate the remainder when 16073 is divided by 1977.
257
Calculate the remainder when 10931079 is divided by 1366384.
7
Calculate the remainder when 970887 is divided by 2951.
8
Calculate the remainder when 668626 is divided by 33429.
46
What is the remainder when 591581 is divided by 197080?
341
What is the remainder when 1874815 is divided by 2267?
6
Calculate the remainder when 1747053 is divided by 23294.
3
What is the remainder when 1537680 is divided by 84?
60
Calculate the remainder when 22151 is divided by 253.
140
What is the remainder when 2449477 is divided by 255?
202
What is the remainder when 1045495 is divided by 1537?
335
Calculate the remainder when 293983 is divided by 293875.
108
What is the remainder when 90394 is divided by 30131?
1
What is the remainder when 12858541 is divided by 363?
355
What is the remainder when 86585 is divided by 77541?
9044
Calculate the remainder when 52145 is divided by 1637.
1398
What is the remainder when 17231569 is divided by 594191?
30
Calculate the remainder when 264649 is divided by 13215.
349
Calculate the remainder when 97083 is divided by 1927.
733
What is the remainder when 2018117 is divided by 501?
89
Calculate the remainder when 60368801 is divided by 2993.
2984
What is the remainder when 5877055 is divided by 255524?
3
What is the remainder when 11864 is divided by 11844?
20
Calculate the remainder when 26186735 is divided by 69.
62
Calculate the remainder when 1759022 is divided by 351764.
202
What is the remainder when 129792446 is divided by 592?
590
What is the remainder when 327285 is divided by 346?
315
Calculate the remainder when 1244879 is divided by 35.
34
What is the remainder when 201911323 is divided by 5139?
13
What is the remainder when 24696 is divided by 215?
186
Calculate the remainder when 109568 is divided by 26.
4
What is the remainder when 1605713 is divided by 571?
61
Calculate the remainder when 8589452 is divided by 34.
32
Calculate the remainder when 2260009 is divided by 22.
15
Calculate the remainder when 2636550 is divided by 433.
13
Calculate the remainder when 7784373 is divided by 1032.
1029
Calculate the remainder when 116949 is divided by 8353.
7
What is the remainder when 2033031 is divided by 645?
636
Calculate the remainder when 102305 is divided by 25536.
161
What is the remainder when 3077692 is divided by 2726?
38
What is the remainder when 38802 is divided by 12695?
717
What is the remainder when 10539271 is divided by 752?
743
What is the remainder when 4623742 is divided by 248?
30
What is the remainder when 247167 is divided by 61622?
679
Calculate the remainder when 2887613 is divided by 962534.
11
Calculate the remainder when 518158 is divided by 17866.
44
What is the remainder when 2848195 is divided by 284818?
15
What is the remainder when 403269409 is divided by 5834?
5827
Calculate the remainder when 71014060 is divided by 153.
28
What is the remainder when 92423 is divided by 237?
230
What is the remainder when 920361 is divided by 920308?
53
Calculate the remainder when 38197946 is divided by 49.
45
Calculate the remainder when 3463538 is divided by 18423.
14
What is the remainder when 458116 is divided by 458098?
18
Calculate the remainder when 22281704 is divided by 11140837.
30
What is the remainder when 117606 is divided by 6853?
1105
What is the remainder when 15987 is divided by 7532?
923
What is the remainder when 4662 is divided by 1266?
864
What is the remainder when 56184565 is divided by 5841?
5827
What is the remainder when 221286 is divided by 5263?
240
Calculate the remainder when 5628607 is divided by 243.
241
What is the remainder when 265320 is divided by 87866?
1722
Calculate the remainder when 2016750 is divided by 20579.
8
Calculate the remainder when 31726 is divided by 425.
276
Calculate the remainder when 1057787818 is divided by 60.
58
Calculate the remainder when 20877132 is divided by 14.
10
What is the remainder when 49712 is divided by 274?
118
Calculate the remainder when 59598520 is divided by 149745.
10
Calculate the remainder when 12221837 is divided by 122.
121
What is the remainder when 2296512 is divided by 19797?
60
What is the remainder when 312337 is divided by 244?
17
What is the remainder when 8699392 is divided by 8699329?
63
What is the remainder when 1722966 is divided by 28?
14
Calculate the remainder when 11328416 is divided by 53.
37
What is the remainder when 2929432 is divided by 1632?
1624
Calculate the remainder when 94951 is divided by 143.
142
Calculate the remainder when 7192731 is divided by 19.
15
Calculate the remainder when 489966 is divided by 1004.
14
Calculate the remainder when 10470 is divided by 1728.
102
Calculate the remainder when 7040324 is divided by 234677.
14
What is the remainder when 333242 is divided by 83214?
386
Calculate the remainder when 95552 is divided by 31562.
866
What is the remainder when 381535620 is divided by 31?
20
What is the remainder when 28814073 is divided by 4253?
4251
What is the remainder when 6975045 is divided by 56?
21
What is the remainder when 29452292 is divided by 8776?
36
What is the remainder when 2468940 is divided by 493659?
645
What is the remainder when 995869 is divided by 58580?
9
Calculate the remainder when 34659 is divided by 1580.
1479
Calculate the remainder when 2375094 is divided by 1508.
1502
What is the remainder when 78420932 is divided by 26140307?
11
Calculate the remainder when 891192 is divided by 113.
74
Calculate the remainder when 119606265 is divided by 1849.
2
What is the remainder when 1656952457 is divided by 20?
17
What is the remainder when 356782 is divided by 23785?
7
Calculate the remainder when 20539 is divided by 347.
66
What is the remainder when 3933821 is divided by 3933811?
10
Calculate the remainder when 71428 is divided by 349.
232
Calculate the remainder when 12380980 is divided by 10448.
100
What is the remainder when 11346690 is divided by 6974?
6966
Calculate the remainder when 4928880 is divided by 70.
40
Calculate the remainder when 183196 is divided by 779.
131
What is the remainder when 862242 is divided by 1474?
1426
What is the remainder when 797279 is divided by 4174?
45
Calculate the remainder when 827748 is divided by 165536.
68
What 